5416 is divided by 331.
245
What is the remainder when 203599 is divided by 67798?
205
What is the remainder when 11280005 is divided by 1381?
1378
What is the remainder when 201281 is divided by 55?
36
Calculate the remainder when 56947 is divided by 387.
58
What is the remainder when 117558 is divided by 5674?
4078
Calculate the remainder when 8996123 is divided by 26.
19
What is the remainder when 13393587 is divided by 41211?
12
What is the remainder when 205978295 is divided by 1100?
1095
Calculate the remainder when 24043510 is divided by 156.
10
What is the remainder when 1517391707 is divided by 3713?
3710
Calculate the remainder when 4034657 is divided by 460.
457
Calculate the remainder when 146318 is divided by 18277.
102
What is the remainder when 5269 is divided by 1128?
757
Calculate the remainder when 4936473 is divided by 4010.
163
What is the remainder when 267148 is divided by 552?
532
Calculate the remainder when 1591922 is divided by 83777.
159
Calculate the remainder when 14380924 is divided by 203.
201
Calculate the remainder when 1121247 is divided by 217.
8
What is the remainder when 3770600 is divided by 44888?
8
What is the remainder when 55800938 is divided by 5468?
5466
Calculate the remainder when 982103 is divided by 4404.
11
Calculate the remainder when 425239 is divided by 60743.
38
Calculate the remainder when 237298 is divided by 166.
84
Calculate the remainder when 60302 is divided by 437.
433
Calculate the remainder when 621262 is divided by 741.
304
What is the remainder when 5897025 is divided by 1474256?
1
What is the remainder when 1145758 is divided by 229148?
18
What is the remainder when 4809154 is divided by 1537?
1418
What is the remainder when 2759853 is divided by 107?
2
Calculate the remainder when 5051209 is divided by 27.
22
Calculate the remainder when 283778 is divided by 1033.
736
What is the remainder when 6208963 is divided by 74?
67
Calculate the remainder when 9942 is divided by 740.
322
What is the remainder when 716823 is divided by 716808?
15
Calculate the remainder when 1505811 is divided by 215045.
496
Calculate the remainder when 90644 is divided by 22541.
480
Calculate the remainder when 34251740 is divided by 379.
373
What is the remainder when 7554114 is divided by 102?
96
Calculate the remainder when 8699 is divided by 869.
9
Calculate the remainder when 69506297 is divided by 2825.
2822
What is the remainder when 5006431 is divided by 3657?
3655
Calculate the remainder when 10539 is divided by 1299.
147
Calculate the remainder when 15752060 is divided by 127.
123
Calculate the remainder when 1549289 is divided by 516428.
5
Calculate the remainder when 153223 is divided by 568.
431
Calculate the remainder when 39936 is divided by 525.
36
What is the remainder when 5566071 is divided by 347864?
247
Calculate the remainder when 381844 is divided by 127077.
613
Calculate the remainder when 766061 is divided by 383012.
37
What is the remainder when 28272684 is divided by 15458?
2
What is the remainder when 318133 is divided by 106020?
73
What is the remainder when 106331673 is divided by 3286?
3285
Calculate the remainder when 10545797 is divided by 239674.
141
What is the remainder when 914688 is divided by 4528?
32
What is the remainder when 266071 is divided by 12669?
22
What is the remainder when 3683544 is divided by 409269?
123
Calculate the remainder when 24023993 is divided by 2402398.
13
Calculate the remainder when 5273037 is divided by 80.
77
Calculate the remainder when 62611 is divided by 1642.
215
Calculate the remainder when 8962957 is divided by 2176.
13
What is the remainder when 259400 is divided by 1375?
900
What is the remainder when 175147566 is divided by 16?
14
What is the remainder when 41944 is divided by 13825?
469
Calculate the remainder when 210206840 is divided by 127.
123
Calculate the remainder when 68617859 is divided by 549.
545
Calculate the remainder when 69677265 is divided by 26.
21
Calculate the remainder when 181711 is divided by 10423.
4520
What is the remainder when 1355916 is divided by 19370?
16
What is the remainder when 2721369 is divided by 29259?
282
What is the remainder when 238167 is divided by 1404?
891
Calculate the remainder when 19460595 is divided by 9730296.
3
What is the remainder when 541477 is divided by 24601?
255
What is the remainder when 11562 is divided by 5054?
1454
Calculate the remainder when 13003981 is divided by 185.
146
Calculate the remainder when 88364 is divided by 391.
389
What is the remainder when 60810858 is divided by 387?
0
Calculate the remainder when 23185238 is divided by 48.
38
What is the remainder when 843828 is divided by 131?
57
What is the remainder when 62198 is divided by 31071?
56
Calculate the remainder when 24718 is divided by 2317.
1548
Calculate the remainder when 17610885 is divided by 85.
75
What is the remainder when 1171963 is divided by 390165?
1468
What is the remainder when 2686099 is divided by 134292?
259
Calculate the remainder when 96188092 is divided by 1098.
1096
What is the remainder when 81122569 is divided by 481?
476
Calculate the remainder when 230288 is divided by 150.
38
Calculate the remainder when 20886 is divided by 5922.
3120
Calculate the remainder when 8277364 is divided by 13.
4
Calculate the remainder when 52405 is divided by 3110.
2645
Calculate the remainder when 71958246 is divided by 577.
576
What is the remainder when 108609672 is divided by 59447?
3
Calculate the remainder when 3434147 is divided by 344.
339
Calculate the remainder when 249698 is divided by 3110.
898
What is the remainder when 645237 is divided by 645030?
207
Calculate the remainder when 62171017 is divided by 2765.
2757
Calculate the remainder when 15677516 is divided by 3619.
8
Calculate the remainder when 3209299 is divided by 152.
123
What is the remainder when 101287 is divided by 9172?
395
Calculate the remainder when 49514556 is divided by 24757262.
32
Calculate the remainder when 3343132 is divided by 1846.
26
Calculate the remainder when 1330354 is divided by 362.
4
What is the remainder when 555095 is divided by 1901?
3
What is the remainder when 103670 is divided by 7966?
112
Calculate the remainder when 429251 is divided by 143054.
89
What is the remainder when 495691 is divided by 165177?
160
What is the remainder when 9050 is divided by 1424?
506
What is the remainder when 3965026 is divided by 123?
121
What is the remainder when 105435980 is divided by 27?
8
Calculate the remainder when 766012 is divided by 255336.
4
What is the remainder when 329370 is divided by 1140?
1050
What is the remainder when 59803 is divided by 8541?
16
What is the remainder when 10053427 is divided by 50017?
10
Calculate the remainder when 9951 is divided by 2066.
1687
Calculate the remainder when 2009993 is divided by 711.
707
Calculate the remainder when 12488754 is divided by 3122167.
86
Calculate the remainder when 702566 is divided by 169.
33
What is the remainder when 3946778 is divided by 1369?
1320
Calculate the remainder when 35921 is divided by 17884.
153
Calculate the remainder when 939662 is divided by 3980.
382
What is the remainder when 843452 is divided by 168635?
277
What is the remainder when 24173595 is divided by 536?
531
What is the remainder when 82804213 is divided by 88?
85
What is the remainder when 11012494 is divided by 65?
64
Calculate the remainder when 109072 is divided by 3230.
2482
Calculate the remainder when 4359838 is divided by 1930.
1898
Calculate the remainder when 2369688959 is divided by 366.
365
Calculate the remainder when 2253543 is divided by 9752.
831
Calculate the remainder when 2378175 is divided by 46.
21
What is the remainder when 3677607 is divided by 1763?
1752
What is the remainder when 108082859 is divided by 655?
654
What is the remainder when 15047 is divided by 12435?
2612
Calculate the remainder when 877361 is divided by 9.
5
What is the remainder when 23624713 is divided by 482?
447
What is the remainder when 118259422 is divided by 67?
0
Calculate the remainder when 424522 is divided by 141461.
139
What is the remainder when 1153749 is divided by 192286?
33
Calculate the remainder when 3824870 is divided by 575.
545
Calculate the rem